ctors of 1905612?
2, 3, 379, 419
What are the prime factors of 1007263?
251, 4013
List the prime factors of 5633368.
2, 13, 54167
List the prime factors of 12266.
2, 6133
List the prime factors of 18207463.
61, 298483
What are the prime factors of 9441032?
2, 827, 1427
List the prime factors of 38096.
2, 2381
List the prime factors of 5778581.
41, 97, 1453
List the prime factors of 3683123.
593, 6211
What are the prime factors of 26613098?
2, 13306549
List the prime factors of 17146.
2, 8573
What are the prime factors of 86271?
3, 149, 193
List the prime factors of 151682.
2, 149, 509
List the prime factors of 476206.
2, 238103
List the prime factors of 1932828.
2, 3, 23, 47, 149
What are the prime factors of 50605?
5, 29, 349
What are the prime factors of 195487?
233, 839
What are the prime factors of 957394?
2, 478697
List the prime factors of 732991.
7, 2137
List the prime factors of 11477467.
11477467
What are the prime factors of 905884?
2, 7, 32353
What are the prime factors of 15686008?
2, 13, 150827
What are the prime factors of 320823?
3, 43, 829
List the prime factors of 16500630.
2, 3, 5, 227, 2423
What are the prime factors of 2843454?
2, 3, 17, 61, 457
List the prime factors of 1398275.
5, 55931
What are the prime factors of 7674777?
3, 11, 25841
What are the prime factors of 7710553?
7710553
List the prime factors of 7777109.
17, 43, 10639
List the prime factors of 215033.
7, 13, 17, 139
What are the prime factors of 646059?
3, 215353
List the prime factors of 890303.
890303
List the prime factors of 3459813.
3, 7, 67, 2459
List the prime factors of 3516993.
3, 130259
List the prime factors of 90303.
3, 31, 971
List the prime factors of 361130.
2, 5, 7, 11, 67
What are the prime factors of 2143002?
2, 3, 23, 53, 293
List the prime factors of 19200623.
13, 643, 2297
List the prime factors of 197851.
67, 2953
List the prime factors of 890431.
173, 5147
What are the prime factors of 2785275?
3, 5, 12379
What are the prime factors of 9470115?
3, 5, 67, 349
What are the prime factors of 590404?
2, 67, 2203
What are the prime factors of 22734081?
3, 842003
List the prime factors of 2449814.
2, 89, 13763
List the prime factors of 273184.
2, 8537
List the prime factors of 741.
3, 13, 19
What are the prime factors of 2004848?
2, 125303
What are the prime factors of 1809896?
2, 11, 131, 157
List the prime factors of 4898380.
2, 5, 17, 14407
What are the prime factors of 22013822?
2, 1439, 7649
What are the prime factors of 705004?
2, 337, 523
List the prime factors of 297982.
2, 148991
What are the prime factors of 515220?
2, 3, 5, 31, 277
List the prime factors of 276828.
2, 3, 17, 23, 59
What are the prime factors of 160157?
17, 9421
List the prime factors of 6983653.
41, 59, 2887
What are the prime factors of 337675?
5, 13, 1039
What are the prime factors of 3895326?
2, 3, 23, 97
List the prime factors of 18304792.
2, 11, 208009
What are the prime factors of 169980?
2, 3, 5, 2833
List the prime factors of 3185352.
2, 3, 14747
List the prime factors of 1040235.
3, 5, 7, 9907
List the prime factors of 22285216.
2, 696413
List the prime factors of 1128568.
2, 7, 2879
What are the prime factors of 353174?
2, 41, 59, 73
What are the prime factors of 137551?
67, 2053
What are the prime factors of 24760532?
2, 347, 17839
What are the prime factors of 1105084?
2, 431, 641
List the prime factors of 11232841.
1459, 7699
List the prime factors of 14649628.
2, 7, 41, 1823
List the prime factors of 464517.
3, 51613
List the prime factors of 3744277.
29, 129113
What are the prime factors of 1583369?
1583369
What are the prime factors of 839277?
3, 93253
What are the prime factors of 422080?
2, 5, 1319
List the prime factors of 512145.
3, 5, 19, 599
What are the prime factors of 150274?
2, 227, 331
List the prime factors of 311315.
5, 19, 29, 113
What are the prime factors of 174844?
2, 43711
What are the prime factors of 953817?
3, 349, 911
What are the prime factors of 245107?
245107
List the prime factors of 4111774.
2, 557, 3691
List the prime factors of 64521.
3, 67, 107
What are the prime factors of 2024637?
3, 674879
List the prime factors of 609425.
5, 19, 1283
List the prime factors of 118749.
3, 23, 1721
What are the prime factors of 883743?
3, 7, 42083
List the prime factors of 8740801.
73, 119737
List the prime factors of 204949.
311, 659
List the prime factors of 6844792.
2, 127, 6737
List the prime factors of 1590334.
2, 37, 21491
List the prime factors of 5417885.
5, 11, 98507
List the prime factors of 6924963.
3, 2308321
List the prime factors of 323437.
19, 29, 587
What are the prime factors of 14888371?
41, 211, 1721
List the prime factors of 531816.
2, 3, 22159
List the prime factors of 60997.
181, 337
List the prime factors of 36391420.
2, 5, 13, 139967
List the prime factors of 611221.
13, 47017
What are the prime factors of 1508447?
97, 15551
List the prime factors of 36982679.
36982679
List the prime factors of 1689316.
2, 107, 3947
What are the prime factors of 534866?
2, 267433
What are the prime factors of 1495140?
2, 3, 5, 24919
List the prime factors of 139474.
2, 69737
What are the prime factors of 1620326?
2, 43, 83, 227
List the prime factors of 3670999.
3670999
List the prime factors of 133927.
199, 673
List the prime factors of 4189485.
3, 5, 29, 9631
What are the prime factors of 1453590?
2, 3, 5, 31, 521
List the prime factors of 439851.
3, 146617
What are the prime factors of 138384?
2, 3, 31
List the prime factors of 1922841.
3, 213649
List the prime factors of 7519255.
5, 59, 71, 359
List the prime factors of 2775845.
5, 17, 113
What are the prime factors of 834765?
3, 5, 19, 29, 101
List the prime factors of 1051501.
11, 17, 5623
What are the prime factors of 254319?
3, 13, 6521
What are the prime factors of 2660136?
2, 3, 271, 409
What are the prime factors of 361905?
3, 5, 23, 1049
What are the prime factors of 784004?
2, 13, 15077
List the prime factors of 280670.
2, 5, 13, 17, 127
What are the prime factors of 230307?
3, 7, 11, 997
What are the prime factors of 1161959?
769, 1511
What are the prime factors of 1995653?
11, 16493
List the prime factors of 17176557.
3, 5725519
What are the prime factors of 967586?
2, 43, 11251
List the prime factors of 1151615.
5, 139, 1657
List the prime factors of 1521169.
13, 9001
What are the prime factors of 583780?
2, 5, 17, 101
List the prime factors of 1186797.
3, 19, 47, 443
List the prime factors of 1943.
29, 67
List the prime factors of 6520627.
479, 13613
What are the prime factors of 20127197?
20127197
What are the prime factors of 108324?
2, 3, 17, 59
List the prime factors of 14813769.
3, 103, 191, 251
List the prime factors of 161599.
161599
List the prime factors of 4939957.
11, 547, 821
List the prime factors of 20113003.
3643, 5521
List the prime factors of 210473.
23, 9151
What are the prime factors of 2098660?
2, 5, 104933
List the prime factors of 4355078.
2, 7, 13, 23929
What are the prime factors of 8204968?
2, 1025621
List the prime factors of 1619859.
3, 67, 8059
What are the prime factors of 25418?
2, 71, 179
List the prime factors of 3718053.
3, 17, 19, 1279
List the prime factors of 251622.
2, 3, 7, 1997
What are the prime factors of 348524?
2, 11, 89
What are the prime factors of 9592310?
2, 5, 7, 13, 83, 127
What are the prime factors of 310887?
3, 34543
List the prime factors of 352224.
2, 3, 1223
List the prime factors of 4871249.
701, 6949
What are the prime factors of 105478?
2, 23, 2293
What are the prime factors of 1214326?
2, 607163
What are the prime factors of 17605043?
191, 92173
List the prime factors of 4540727.
4540727
What are the prime factors of 1830419?
1830419
List the prime factors of 2332362.
2, 3, 388727
List the prime factors of 29780.
2, 5, 1489
List the prime factors of 644977.
644977
What are the prime factors of 4662590?
2, 5, 17, 27427
What are the prime factors of 580506?
2, 3, 31, 3121
What are the prime factors of 8470277?
61, 191, 727
What are the prime factors of 282144?
2, 3, 2939
List the prime factors of 353222.
2, 176611
List the prime factors of 148046.
2, 79, 937
What are the prime factors of 538064?
2, 33629
What are the prime factors of 2156254?
2, 1078127
List the prime factors of 2562547.
13, 59, 257
L